nd derivative of -1/5*f**5 - f + g*f**4 - 1/3*f**3 + 1/2*f**2 + 0. Determine t(1).
-4
Let r(o) = o - 4. Let y be r(5). Let a(h) = 16075*h - 16070*h - 2 + 2. What is a(y)?
5
Suppose 0 = -3*d - 5*k + 2, -k = 2*d - 3 - 3. Suppose -12 = -2*y - 4*y. Let s(o) = -2*o - 6*o**2 + 2*o**y + o**3 + 32 - 56 + 29. Calculate s(d).
-3
Let y(k) be the first derivative of k**6/360 - k**5/40 - 7*k**4/24 + k**3 - 4*k - 8. Let r(w) be the third derivative of y(w). Calculate r(5).
3
Let i be 343/28 - (-4)/(-16). Let f(u) = -u + 8. Determine f(i).
-4
Let c be (5 - 6) + 2 + 1. Suppose 3*f = c*w - 6, 4*w - 9 = 2*f + w. Let l(u) = u. Give l(f).
0
Let k(r) = r**2 - 31*r + 129. Let h be k(26). Let g(m) = 11*m**2 + 2*m + 1. What is g(h)?
10
Suppose 155 - 157 = 2*m, 23 = 5*z + 2*m. Let s(f) = f**3 - 2*f**2 - 10. Let h(t) = -t**3 + t**2 + 11. Let g(p) = -3*h(p) - 4*s(p). Determine g(z).
7
Let t(d) = -7*d**2 + 9*d + 5. Let x(s) = 8*s**2. Let l(r) = -t(r) - x(r). What is l(-7)?
9
Suppose 16*n + 18 = -62. Let l(w) = -w**2 + 2*w - 1. Determine l(n).
-36
Let d(u) = 0 - 9*u**2 + 7 - 3 + u**3 + 7*u. Let b be d(8). Let t(c) = 7*c + 7. Let q(s) = 11*s + 11. Let i(l) = -5*q(l) + 8*t(l). Give i(b).
-3
Let a(w) = -19*w - 147. Let o be a(-8). Let q(x) = 2*x - 10. What is q(o)?
0
Let l(p) = p - 3. Let g(b) = 1. Let a(m) = 10*g(m) + 2*l(m). Let f be -5 + (-18)/(-6) + -1. Give a(f).
-2
Let a(s) = s**2 - 9*s + 7. Let u be a(7). Let g(q) = 13*q + q**3 + 10 - 4*q - 12*q + 4*q**2 + 2*q**2. Determine g(u).
-18
Let i(j) = -j**2 - 6*j + 1. Let r(v) = v**2 - v + 5*v**2 - 3*v**2 - 4 - 2*v**3 + v**3. Let y be r(3). Determine i(y).
-6
Let k(p) = -p**3 + p**2 - p + 8. Let o(w) = -2*w**2 - 4*w + 6. Suppose 2*u + 0*u + 6 = 0. Let v be o(u). Give k(v).
8
Let c(v) = v. Let y(b) = -b - 19. Suppose 5*u - 6*u = 2. Let z(q) = u*c(q) - y(q). Determine z(8).
11
Let m(o) = o. Let v be m(4). Suppose -5*k - 2*z + v*z + 15 = 0, -3*k = -3*z. Let p(c) = 3*c + 0 + k - 5 + 6. Determine p(-4).
-6
Suppose -7*c - 3*c - 90 = 0. Let w = c - -11. Let z(o) = -4*o**3 + 3*o**2 - o - 2. Calculate z(w).
-24
Let u(q) = -3*q**2 + 10*q + 9. Let p(l) = 5*l**2 - 20*l - 18. Let i(d) = 4*p(d) + 7*u(d). Let m be -2 - 2*(15/6)/1. Calculate i(m).
12
Let f(i) = i + 4. Suppose -2*m + 0*m = 5*y, 0 = 4*m + 4*y + 12. Let h be f(m). Let q(p) = -7 + 3*p**3 + 1 + 6 + p + p**2. Calculate q(h).
-3
Suppose -2*i = 5*h - 5*i - 13, 4*h - 16 = i. Let n(b) = -b**3 + 6*b**2 - 2*b - 4. What is n(h)?
11
Let c(s) = 11*s + 4 - 4 - 28*s. Let y(u) = u - 14. Let w be y(13). Determine c(w).
17
Let i = -963 - -966. Let h(q) = q**3 + q**2 - 2*q + 4. Calculate h(i).
34
Let r = 32/33 - 7/11. Let h(w) be the third derivative of -r*w**3 + 0*w - 1/24*w**4 + 0 + 1/15*w**5 - 4*w**2. Determine h(2).
12
Suppose 2*j + 5*p = -0*p - 4, -2*j = -3*p - 12. Let b(q) = 3*q - 2*q + 4*q**2 - q**j + 0*q**3 - 2*q - 4. Calculate b(3).
2
Let m(q) = 3*q - 23. Let n be m(10). Let g(j) = 9 + 0 - j**2 + 5*j + j. What is g(n)?
2
Let z(j) = -j**2 - 6*j - 4. Suppose o - 15 = -3*n, -2*o - 3 = o - 3*n. Let y(b) = -3*b + 3. Let g be y(o). Calculate z(g).
-4
Let q(s) = -s - 1. Let j(m) = -5*m - 3. Let t(k) = 2 - 4 - 4 + 7 - k. Let r(w) = -j(w) + 4*t(w). Let l(v) = 5*q(v) + r(v). What is l(2)?
-6
Let w = -99 - -101. Let g(o) = -o**3 + 10*o**2 + 2*o - 4. Suppose 1 = 3*c - 17. Let i(f) = f**2 + f - 1. Let q(y) = c*i(y) - g(y). What is q(w)?
-2
Let t(d) = -d**3 - 12*d**2 - 11*d + 7. Let u be t(-11). Let v(w) = -u*w + 0*w**2 + 10*w**2 - 9*w**2 + 6. Determine v(4).
-6
Let j(u) = u**2 - u + 1. Let w(d) = 7*d**2 - 1. Let q(g) = -6*j(g) + w(g). Give q(-6).
-7
Let v(n) be the second derivative of -1/20*n**5 + 0 - 1/6*n**3 + 0*n**4 - 13*n - 6*n**2. Give v(0).
-12
Let p(d) = -3*d + 80. Let i be p(24). Let w(s) = s**3 - 8*s**2. Calculate w(i).
0
Suppose 82*w - 81*w = 6. Let t(j) = 6*j - j - 4*j**2 + 6 - 5 - w*j. Let n(a) = a**3 + 6*a**2 + 5*a + 1. Let o be n(-5). Give t(o).
-4
Suppose 24 = -5*y - 36. Let s = 17 + y. Let h(b) = b + 1. Determine h(s).
6
Let a(l) = l**3 + 6*l**2 + 2*l + 5. Let y be (3 + -4)*3*-28. Let u be (2/(-4))/(7/y). What is a(u)?
-7
Let x(s) = 2*s - 10*s**2 - 2 + 3*s**2 + 4 + 6*s**2. Let w(i) = -i**2 - 9*i + 18. Let l be w(-10). Let g = l + -5. Calculate x(g).
-1
Let r(o) = -o - 8. Let b be (4/18 + 80/(-36))*-1. Let h = -3 + 3. Suppose 5*g - p - b = -h*p, -2*g + 2 = -p. Determine r(g).
-8
Let m(i) = -i**3 + 194*i - 23. Let a be m(-14). Let r(p) be the third derivative of -p**6/120 + p**5/10 - p**4/6 - 5*p**3/6 + p**2. What is r(a)?
0
Let v(m) = 5*m - 4. Let j(p) = p + 14. Let r be j(-9). Suppose 0 = 4*b - 1 + r. Let h be (-13 + 10)/(1/b). Calculate v(h).
11
Let t(m) = m + 1. Suppose 96 = -133*k + 121*k. Calculate t(k).
-7
Let x(s) = 13 - 14 - 111*s**2 + 101*s**2. Determine x(1).
-11
Suppose -4*v - 14 = 5*m + 12, 40 = -4*v + 2*m. Let w(g) = g**2 + 9*g. Let u be w(v). Let d(c) = c + c + 13 - c. What is d(u)?
13
Let x(b) = 2*b + 8. Let u = 838 - 830. What is x(u)?
24
Let d(x) be the third derivative of x**6/120 + x**5/5 - x**4/12 - 13*x**3/6 - 8*x**2 + 6*x. Calculate d(-12).
11
Let m be (-2 + -2 + -4)*-1. Let w(r) = -12*r + 2*r + m*r - 9. What is w(-6)?
3
Suppose 7*h + 6 = h. Let q(v) be the second derivative of v**5/2 + v**4/6 - v**2/2 + 3*v. What is q(h)?
-9
Let j(w) = w**2 - 306 + w + 634 - 316. Calculate j(0).
12
Let b(d) be the third derivative of -d**4/12 + 13*d**3/3 + 82*d**2. Determine b(6).
14
Suppose -13*j + 24 = -9*j. Let b(y) = j*y - 3*y + 1 - 2 - 4*y. What is b(3)?
-4
Let q(v) = v**2 - 7. Let d(w) = w**2 - w - 1. Let y be d(3). Determine q(y).
18
Let r(o) = o + 6. Suppose 0*h + 4*h = 0. Suppose -53 = -f - 3*k, h = -f - 5*k - 0*k + 57. Suppose -5*p + f + 0 = -4*j, 43 = -5*j + p. Determine r(j).
-2
Let d(u) be the second derivative of -u**5/20 + u**4/12 + u**3/3 + 2*u**2 + u. Suppose -3*c - 9 = 28*y - 32*y, 13 = 3*y + 4*c. Calculate d(y).
-8
Suppose 1901*a + 186 = 1895*a. Let p(x) = x**2 + 30*x - 25. What is p(a)?
6
Let s(c) = 14 + c - 12 + c - 4. What is s(3)?
4
Let v(q) = q**2 + 7*q + 5. Let l be (4/(-3))/(12/18). Let a be l + 5 + -4 + -107. Let c be a/(-90)*10/(-3). What is v(c)?
-7
Let i(u) = -3*u. Let d(q) = 4*q + 2. Let b be d(-11). Let m = b - -36. What is i(m)?
18
Let y(l) = -1 - 64*l - 4 + 69*l. Let b(h) = 19*h - 20. Let n(p) = 2*b(p) - 9*y(p). Give n(4).
-23
Let y(w) = 2*w - 29. Let h(t) = 6*t - 32. Let u be h(8). Calculate y(u).
3
Let l be -3 + -1 - 15/(60/(-8)). Let j(m) = 4*m + 3. What is j(l)?
-5
Let y(w) = -4*w**3 - 2*w**2 + w + 3. Let a(t) = 4*t**3 + t**2 - t - 2. Let j(s) = 5*a(s) + 4*y(s). Give j(2).
20
Let l(g) = -44*g - 520. Let h be l(-12). Let a(d) = d**3 - 9*d**2 + 7*d + 4. What is a(h)?
-4
Let m(q) = 3*q + 2. Let j be m(0). Let d(i) be the first derivative of -6*i - i + j*i + 7 + 0*i + i**2. Calculate d(6).
7
Suppose 5*c = 2*c + 48. Let a = c - 14. Let o(b) = -a + 3 + 0*b - 2 + 3*b. What is o(1)?
2
Let u(f) = -f**2 + 3*f + 12*f**3 + 17*f**3 - 24*f**3 + 1 - 3*f. Give u(-1).
-5
Suppose 395 = 4*a - 357. Let k = 185 - a. Let u(t) = -5*t**2 - 2*t + 4. Let v(g) = 6*g**2 + 2*g - 5. Let z(p) = 5*u(p) + 4*v(p). What is z(k)?
-3
Let k(h) = -h**2 - 4*h - 5. Let l(o) = -o**2 + 13*o - 17. Let n be l(7). Suppose 4*v - 9 + n = -2*r, -r = -2. Determine k(v).
-10
Let a(r) = -r + 56. Let t(h) = 11. Let f(q) = -q + 4. Let b be f(6). Let u(g) = b*a(g) + 11*t(g). Give u(-8).
-7
Let d(r) = 0 - 4 - 3 - 4 - 5*r + 2. Calculate d(6).
-39
Suppose -70 = -5*s - z, s - 23 = 4*z + 12. Let l(q) = -3 + 14*q - 28*q + 7 + s*q. Calculate l(-2).
2
Suppose g + 8*g - 18 = 0. Suppose -2 = 2*a, 2*a = 4*l + a + 3. Let p be (-3)/(l - g) - -5. Let n(q) = q**3 - 6*q**2. Determine n(p).
0
Let j(y) = 11*y**2 - 10*y + 6. Let p(a) = 7*a**2 - 7*a + 4. Let q(f) = 5*j(f) - 8*p(f). Determine q(5).
3
Let j(w) = 3*w**2 + 6*w + 8. Let b(f) = -4*f**2 - 6*f - 9. Let m(l) = -2*b(l) - 3*j(l). Calculate m(-5).
-1
Let n be 2/8 + (-66)/(-24). Let k(s) = -5*s**3 + 9*s**2 + 2*s. Let v(l) = -6*l**3 + 10*l**2 + 3*l. Let d(r) = 5*k(r) - 4*v(r). Determine d(n).
12
Suppose 2*w = -9*u + 4*u + 11, 3*w + u = -3. Let b(m) = m**3 - 4*m - 5. What is b(w)?
-5
Suppose 4*f + 4 = u - 3*u, 0 = 2*f + 3*u + 10. Let s(g) = -13*g + 2. Let x(q) = 42 - 480*q + 0 + 33. Let r(p) = 75*s(p) - 2*x(p). Determine r(f).
-15
Let o(f) be the first der